). Is (b/(-4) - 44/(-16)) + 1508 a composite number?
False
Let n be ((-9)/9)/((-1)/14725). Let p = n - 6516. Is p a prime number?
True
Let o = 11 + 0. Let s be (4/30 + (-106)/120)/(4/(-5664)). Suppose -o*i + s = -5*i. Is i composite?
True
Let z be 9/(-6)*2620608/(-36). Suppose -10*t + 18*t - z = 0. Is t composite?
False
Suppose 18*h - 300 - 240 = 0. Suppose h*t = 23*t + 46697. Is t composite?
True
Let d(u) = -u**2 + 14*u - 13. Let t = 55 + -42. Let s be d(t). Suppose -440 = -4*o - 0*k - 5*k, s = -2*o + 4*k + 246. Is o a prime number?
False
Suppose 54617 - 184733 = -6*v. Suppose 9*j - 29380 = v. Is j prime?
False
Suppose 2*p - 111855 - 34254 = -5*v, 5*p - 365213 = -4*v. Is p prime?
True
Let f be (0 - -4) + (-546 - -2). Let z = f - -937. Is z prime?
True
Suppose -16 = -4*b + z, z + 12 = 9*b - 6*b. Suppose -b*l - 4394 = -31438. Is l composite?
False
Is (-48)/42 + (7 - 12973920/(-56)) a composite number?
True
Let h(a) = -98*a + 16. Suppose -j - 39 = 2*j. Let x be h(j). Suppose 0 = 6*l - 1092 - x. Is l a prime number?
True
Suppose 42*t - 60 = 41*t. Is (272200/t)/(2/3) a composite number?
True
Let x = 584 + -582. Is x/8 - (-85305)/44 a prime number?
False
Let q(b) = 15344*b**2 + 3*b + 2. Is q(-1) prime?
False
Let p = 28227 - -16844. Is p composite?
True
Let a be 20/110 - 64/(-11). Suppose -3*n - 3 = 3*b + a, n - 5*b = 27. Suppose -300 = -m + 3*w, -m + 3*w = n*m - 882. Is m composite?
True
Suppose 0 = -4*c - g + 9, 0*g = 5*c + 5*g. Let v(i) = 305*i**3 - 3*i**2 - i + 4. Is v(c) a composite number?
False
Suppose -15 = -4*z + 33. Is -7 + 354/z*24 a composite number?
False
Suppose -3*l - 11 = -2*b, 8 + 1 = 3*b - 2*l. Let g be b + 0 + 1 + 0. Suppose 0 = g*c + 3*c - 5, -2447 = -5*s - 2*c. Is s a prime number?
False
Suppose 21*v - 2486534 - 845263 = 0. Is v composite?
False
Let f be (12/15)/(2/15390). Let r be 2 + -2 + 337*35. Let g = r - f. Is g prime?
True
Suppose 3*a = 4*m + 1247, -m - 306 = 2*a + 3*a. Let q = m - -638. Let w = -8 + q. Is w a composite number?
True
Suppose -3*d = u + 7, 2*u - d + 1 = 4*u. Suppose -u*n - 1778 = -4*n. Is n a prime number?
False
Let o(x) = -x**3 + 4*x**2 + 6*x - 6. Let t be (-3)/27*3*-12. Let s be o(t). Let v = s - -31. Is v composite?
True
Let z = -409 - -422. Suppose z*x + 4368 = 38597. Is x a prime number?
True
Let d = -40 + 41. Let r be 4 + (29/d - 2). Suppose b = -3*j + 67, -5*j + 77 + r = -2*b. Is j prime?
False
Let p(h) = 81*h**3 + 4*h**2 - 2. Let u(a) = -2 + 20*a**2 + 7*a**2 - 23*a**2 + 81*a**3. Let m(v) = -2*p(v) + 3*u(v). Is m(3) prime?
True
Suppose -4*q = -4, 0*h - q = -3*h - 145. Let r = h + 48. Suppose -8*l + l + 5026 = r. Is l a composite number?
True
Let g be (-60)/(-10) - (3 - 87). Suppose -1145 = -5*h + g. Is h a prime number?
False
Let l = -15 + 19. Let r = -44 + l. Is -2*(-4)/(r/(-385)) a prime number?
False
Suppose -4*o + 1 = 45. Let g(q) = -q - 8. Let m be g(o). Suppose -m*c - 2*v + 79 = -264, -3*v + 6 = 0. Is c a composite number?
False
Let o(j) = -3*j**3 - 5*j**2 - 39*j + 25. Let g(x) = 23*x**3 + 4*x**2 + 7*x + 6. Let a be g(-1). Is o(a) a prime number?
False
Suppose -3*x - 21354 = -0*x. Let t = -3924 - x. Is t a composite number?
True
Let f(s) = s**3 - 18*s**2 - 20*s - 10. Let z be f(19). Let a = -35 - z. Let x(t) = t**3 + 8*t**2 - 10*t - 11. Is x(a) a composite number?
True
Let z(h) = -21*h**2 - 32*h - 67. Let u be z(-38). Let p = u + 41548. Is p composite?
False
Suppose 0 = -2*a - 3*x + 17, -5*a - 2*x + 25 = -1. Suppose 0 = -2*p + 3 + 1. Is (-2 + a)/p*1111 composite?
True
Suppose -1196 = 7*p - 11*p. Suppose -4*a + p = 2*m - 651, 0 = 3*m + 2*a - 1433. Is m prime?
True
Let p = -23 + 25. Let u(v) = -27*v**2 + v + 1. Let t be u(p). Is 674/10 + 42/t prime?
True
Let a(s) be the second derivative of 0 - 6*s - 25/2*s**2 + s**3. Is a(16) composite?
False
Let n(y) be the third derivative of -y**4/24 - y**3/2 - 17*y**2. Let g be n(0). Is (22/8)/(g/(-60)) a composite number?
True
Let k be 3/(-1 - 2) + -1. Let n be k + 4301 - 4*2/(-4). Suppose -3*j + 2*q = -3479, -n = -4*j - 2*q + 333. Is j composite?
True
Let i be 5 - (-5200)/(4 - 6). Let h = i - -32384. Is h a composite number?
False
Suppose 2*b + 0*b - 2*x + 2158 = 0, 5*b + x + 5407 = 0. Let q = 1748 + b. Is q a composite number?
True
Let l be (-5)/(-1) - (4 - 2) - 1. Suppose -a - 2264 = -l*k + a, -3*k + 3375 = 4*a. Suppose 4*r - 1219 = k. Is r a composite number?
False
Let y(n) = 2*n**3 - 11*n**2 - 42*n + 35. Let r be y(23). Let u = 5685 + r. Is u a prime number?
True
Suppose 25*r + 44 = 3*r. Let f(h) = -173*h**3 - 5*h**2 - 3*h - 3. Is f(r) a composite number?
False
Is (7 - -106435 - -5) + 12 composite?
True
Suppose -71*c = -58*c - 447529 - 955470. Is c a composite number?
False
Let c be 18/(-120)*-4*430. Let y = 385 - c. Is y prime?
True
Let m = 30 + -38. Is ((-58)/m)/(3/1884) prime?
False
Let x = -121465 + 277841. Is ((-7)/4)/((-22)/x) a composite number?
True
Let i(x) = -90*x**3 - 10*x**2 - 17*x - 2. Is i(-8) a prime number?
False
Let w = 14566 - 1493. Is w prime?
False
Is (-2)/(-4) - 1072140975/(-414) composite?
True
Let z = 263520 - 129601. Is z prime?
True
Let d = 76286 - 40285. Suppose -48471 - d = -8*p. Is p a prime number?
True
Let g be (-2)/2 + 4 + -1. Suppose 3*l - 6188 = -v, -g*l - 2*v - 348 = -4472. Is l composite?
False
Is (-21 - 295088/24)/((-1)/3) a prime number?
False
Suppose 31*w - 4 = 30*w. Suppose -3*y + 4 = -5*y, 3*n - w*y = 8. Suppose -2*h + 3*h - 307 = n. Is h composite?
False
Let q = 45515 + -12700. Is q composite?
True
Let b = 168861 - 108458. Is b a composite number?
True
Suppose 4*u - 144329 = -48*z + 47*z, -4*z - 36095 = -u. Is u a prime number?
True
Let r(l) = -2*l + 27. Let y be r(6). Let a be 6/y + (-101765)/(-25). Suppose -3*p = -3*q + 1313 + 2782, 0 = 3*q + 3*p - a. Is q prime?
True
Suppose -4*t - 4*i - 248 = 0, 4*t - 5*i + 378 = 112. Is t/16*(-10)/4 a prime number?
False
Let u(p) = -12 - 549*p + 29 + 713*p. Is u(7) a prime number?
False
Suppose 0 = -5*z + 2*v + 6 - 4, 2*v + 2 = -5*z. Is (-357)/6*(-2 - (z + 0)) prime?
False
Let a(r) be the third derivative of -143*r**4/24 + 101*r**3/3 + 107*r**2. Is a(-5) a prime number?
False
Let m = 2075 + -4097. Let r = -10443 - -10425. Is (m/(-24))/(r/(-8) - 2) prime?
True
Let u = 59389 + -15690. Is u a composite number?
True
Suppose -4*x + 3*x = -10. Suppose -x*b - 9 = 21. Is 12/(-3) - (b - 480) composite?
False
Let i be (-10)/(0 - (-4)/80). Is (-30 + -6)/6 - i a composite number?
True
Let y(p) = 183*p - 13. Let x(c) = -c - 2. Let t be x(0). Let j(o) = -61*o + 4. Let v(f) = t*y(f) - 7*j(f). Is v(9) a composite number?
False
Is (-1)/(9/30)*(5 + (-8142)/12) composite?
True
Suppose 2*d - 5670 = -p - 2022, 0 = -5*p - 4*d + 18222. Let w = p - 2099. Is w a composite number?
False
Suppose -2*l - 5*d + 2470 = 3*l, -5*l = 3*d - 2464. Let u = 4656 + l. Is u a prime number?
True
Let d(f) = f**2 - 6*f - 8. Let c(g) = g**3 - 16*g**2 + 14*g + 22. Let r be c(15). Let m be d(r). Is (m/(2/(-41)))/((-1)/(-82)) composite?
True
Suppose -3*q = 4*p + 256 + 4, 0 = -3*p - 6. Let d = -87 - -146. Let u = d - q. Is u prime?
False
Let w = 1170033 - 830338. Is w composite?
True
Suppose 4*m + 27*o - 25*o = 10, 3*m - o = 15. Suppose 0 = s + m*s - 5*g - 41790, -s + 2*g + 8363 = 0. Is s a composite number?
False
Suppose -12*i = -17*i. Suppose -4*p - p = 3*y - 7570, 5*p - 2*y - 7595 = i. Is p composite?
True
Let v(d) = 91*d**3 - 4*d**2 - 3*d - 1. Let r = -208 - -212. Is v(r) a prime number?
False
Let y = 7334 - 3206. Suppose 4*m - 743 + y = 5*i, -5*m = 3*i - 1994. Is i composite?
False
Let l = 107769 - 2890. Is l a prime number?
True
Let m be -4 - -1 - (-782 - -3). Let s be -3 + (8/12)/(3/5688). Let o = s - m. Is o prime?
False
Suppose -5*m = l + 2*l + 39, 2*l = -4*m - 24. Let b be (l/(-2))/(1 - 0). Is 4580/6 - 1/b*3 prime?
False
Let t = 7003 - -13526. Suppose -5*u + t = -4*r, -3*r - 2023 = -u + 2074. Is u prime?
False
Let l = 28 + -23. Suppose -5391 = -m - l*g, 2*m - 10752 = -0*m + 5*g. Is m a composite number?
False
Let v(n) = 3*n - 12. Let d be v(5). Suppose 3*f + 44 = 3*j - f, j + d*f = 32. Suppose b - 296 + j = -3*i, -2*b - 449 = -5*i. Is i a prime number?
False
Suppose 58 - 31 = 3*y. Suppose -2937 = -y*p + 1932. Is p a prime number?
True
Is ((-83907)/(-27) + -3)/(2/6) composite?
True
Let m = 112161 + -12364. 